d).
8
Let g = 1 - -3. Let o(i) = -4*i + 7. Let q(c) = 2*c - 5. Let y(h) = 2*o(h) + 3*q(h). Calculate y(g).
-9
Let s(r) = -2180*r + 1 + 7 + 2191*r. What is s(-8)?
-80
Let i(v) = -v**2 + v + 10. Let q(w) = w**3 + 6*w**2 + 2*w - 1. Let j be q(-3). Suppose 0*z - 4*z = -20. Suppose -u = t - 2 + 6, z*t = 2*u - j. Give i(u).
10
Let u(c) = c**2 + 2*c - 7. Let w be u(-3). Let m(v) = -3*v + 0*v**2 - 1 - v**2 + 2*v + 5. Calculate m(w).
-8
Let a(o) = 17*o + 8 - o**2 + 0*o**2 - 5*o. Suppose -z + 0*z + 13 = 0. Let p be a(z). Let l(v) = v**2 + 5*v + 4. Give l(p).
4
Let m(r) be the third derivative of r**6/120 - 2*r**5/15 - r**4/8 + 7*r**3/6 + 57*r**2. Calculate m(8).
-17
Let k be ((-6)/5)/((-6)/20). Let j(i) = 0*i + 3*i + 2*i - 4*i + k. Let l = -279 + 275. Determine j(l).
0
Suppose -3*c = -19*s + 14*s + 34, -5*s - 2*c + 19 = 0. Let q(i) = i - 1. Let f(w) = -5*w + 3. Let p(o) = f(o) + 6*q(o). Give p(s).
2
Let c(n) = -4*n + 3. Let b = 48 - 44. Suppose -v + 15 = -0*v - 3*u, 3*u = -b*v. Determine c(v).
-9
Let r(x) = x**2 + 1. Let h(k) = -5*k**2 + 11*k + 8. Let s(l) = h(l) + 6*r(l). Let m be s(-10). Let w(a) = -2*a**2 + 3*a + 4. What is w(m)?
-16
Let x(q) = 4 - 3 - 4*q - 8*q + q. Determine x(1).
-10
Let u(w) = 1. Let a(q) = -q. Let b(f) = -a(f) - 3*u(f). Suppose 12 = 8*n - 6*n. Give b(n).
3
Let x = 4 - 8. Let u be (-4)/(-3) - x/(-12). Let o(z) = -7*z + 3. Let a(s) = -29*s + 13. Let j(f) = -2*a(f) + 9*o(f). Give j(u).
-4
Let o(p) = -p + 20. Let a be o(13). Let w(v) = v**2 - 7*v**3 + 3 + 6*v**3 + 4*v**2 - a. Give w(4).
12
Let g(y) = y - 3 + 1 - 2. Suppose -5*u + 3*u - 20 = 0. Let z be 28/8 - (-5)/u. What is g(z)?
-1
Suppose -12*i = -i - 22. Let y(g) = -27*g**2 + 58*g**i + 2*g + 2 - 32*g**2. Let n be (-4)/(-6)*(-18)/(-4). Determine y(n).
-1
Suppose -j + 6 = -2*q, -q + 5*j - 248 = -227. Let x(m) = 4*m - 4. Give x(q).
-8
Let r(h) = 7*h - 1211 - 8*h + 1223. Calculate r(9).
3
Let x(q) = -3 + 2*q + 6*q + 4 + 2*q. Let g = 458 - 457. Give x(g).
11
Let z(f) = f - 7. Let l(n) = 3*n + 22 - 5*n - 2*n + n. Let k(m) = 6*l(m) + 17*z(m). Calculate k(6).
7
Let c(u) be the third derivative of -u**7/5040 + u**6/120 - u**5/12 - 6*u**2. Let k(w) be the third derivative of c(w). What is k(5)?
1
Let x(n) be the second derivative of -n**4/12 + 2*n**3/3 + 3*n**2/2 + 12*n. Let b be x(3). Let m(l) = -l + 6. Give m(b).
0
Let x(c) = 2*c**2 - 1. Let r be (-11)/5 + (-13)/(-65). Let n be r/((-12)/2*9/27). Give x(n).
1
Suppose 6 + 2 = r. Let k(a) = 5 + 0*a - 6 + 4*a - r. What is k(6)?
15
Let h(a) = -a**3 + a + 4. Let j be h(0). Let k(n) = -j*n - 25 + 2*n + 0*n - n. Let s(l) = -2*l - 13. Let x(v) = 3*k(v) - 5*s(v). What is x(6)?
-4
Let l(m) = -m**3 + m**2 - 2*m. Let j(x) = -7*x**3 + 3*x**2 - 9*x. Let t(a) = -j(a) + 5*l(a). Give t(1).
3
Let f(r) = -2*r - 9. Let l be f(-6). Suppose -s = 3*s - 3*c - 90, s - l*c = 27. Suppose -u = 5*x - 5, 2*x + x - s = 3*u. Let p(b) = -b**3 - b**2 + b. Give p(x).
-10
Let q(f) = -4*f - 3*f + 6*f + 3. Let l be (-3)/(2 - (-1)/(-2)) - -2. Calculate q(l).
3
Let t be -1 - (-1*27 + 4). Suppose 32 = -5*m + t. Let s(a) = -a**3 + a**2 - 2. Determine s(m).
10
Let n(p) = -p**2 - 8*p - 6. Let z be n(-7). Let u(s) = -57*s**2 - 7*s**2 + 52*s**2 - 1. Calculate u(z).
-13
Let z(d) = -d**3 + 6*d**2 + 6*d - 6. Let c be (-20 - -13)/(((-1)/1)/1). Give z(c).
-13
Let c = -460 + 460. Let u(a) = -a**3 + 6. Give u(c).
6
Let v(t) = t**2 - 5*t + 6. Let k(m) = 85*m. Let a be k(1). Suppose -2*q - 2*l + 5*l = -65, 0 = 3*q - 2*l - a. Suppose 4*w + q = 9*w. Give v(w).
6
Let l(m) be the second derivative of -m**3/2 + 3*m**2/2 + 2*m. Let k(z) = z**2 - 68*z + 797. Let c be k(53). What is l(c)?
-3
Let i(h) = 6*h - 188. Let x be i(31). Let q(z) = 6*z**2 + z - 2. Calculate q(x).
20
Let p(r) be the second derivative of r**5/20 + 11*r**4/12 + r**3/6 - 3*r**2/2 + 108*r. Calculate p(-11).
-14
Let v(n) = 2 - 502*n + 9 - 8 + 9 + 493*n. What is v(5)?
-33
Let d = -134 - -136. Let j(w) be the second derivative of 5*w + 2*w**d - 1/3*w**3 - 1/12*w**4 + 0. Calculate j(3).
-11
Let l(w) = 47 - 8*w - 52 + 9*w + 19*w**2. Let v(y) = 20*y**2 + y - 4. Let c(m) = 3*l(m) - 4*v(m). Calculate c(1).
-23
Let l(a) = 3*a**3 + 15*a**2 + 6*a - 23. Let b(m) = -2*m**3 - 8*m**2 - 2*m + 12. Let n(t) = -5*b(t) - 3*l(t). Calculate n(6).
-3
Let u be (-5)/3 - -10*(-8)/60. Let x(j) = 2*j + 10. Determine x(u).
4
Suppose -14 = -m + 3*i, 4 = 5*m + 2*i + 2. Let o(z) = 5*z**2 - 3*z - 4. Let r be o(m). Let f(a) = 2 + 0*a + 9 - r - a. Determine f(-6).
7
Let w(k) = 4*k**2 - 12*k + 7. Let s(t) = 4*t**2 - 9*t + 5. Let z(v) = -3*s(v) + 2*w(v). What is z(2)?
-11
Let s(h) be the third derivative of -h**4/24 - 11*h**3/6 + 30*h**2. Give s(-9).
-2
Let m(n) be the third derivative of n**5/60 - n**4/12 + n**3/2 + 249*n**2. Determine m(2).
3
Let f(v) = v. Suppose 2*b = 5*m - m + 2, 4*m - b + 1 = 0. Let t be 1 + -9 + (2 - m). Give f(t).
-6
Let g be 1270/14 + (-160)/28 + 6. Let i = g - 97. Let n(o) = o**2 + 8*o - 2. What is n(i)?
-14
Let n(f) be the second derivative of f**5/20 - f**3/6 + 377*f. What is n(3)?
24
Suppose -12*v + 48 = -0*v. Suppose -v*a + 8 - 31 = -3*o, -5*a = -4*o + 29. Let n(h) = -9*h**2 - h + 1. Calculate n(o).
-9
Let j(d) = -23*d**3 - d**2 + d - 1. Suppose -5*k + 10 = -q, 0 = 11*q - 15*q - 20. Give j(k).
-24
Let o(a) = -a**3 - 14*a**2 - 23*a + 13. Let f be o(-12). Let t be (-9)/f*6/(-18). Let x(g) = 4*g + 1. Give x(t).
13
Let o(r) = 14 - 3 - 5 + 12 - 2*r. Calculate o(8).
2
Let a(t) be the first derivative of -t**4/2 - t**2 + t + 6. Let o = -6 + -1. Let x = 8 + o. Determine a(x).
-3
Let h(q) = 4*q**2 + 8*q + 15. Let z(l) = -3*l**2 - 7*l - 14. Let a(i) = -4*h(i) - 5*z(i). Let p be a(5). Let g(k) = k**3 - k**2 + 17. What is g(p)?
17
Let y(n) = 13*n**2 + n. Let o(c) = -2*c**2. Let p(a) = -2*o(a) + y(a). What is p(-1)?
16
Let n(v) = -3 - 2*v + 8*v**2 + 5*v - 10*v**2 - v**2 + v**3. Let z(c) = 3*c - 9. Let m be z(4). What is n(m)?
6
Let t(o) = -o**3 - o - 14. Suppose 3*z = -6, -4*z - 15 = -s - 77. Let b = s - -70. Give t(b).
-14
Let d(y) = -y**3 + 2*y**2 - y - 2. Suppose -i - 3 - 1 = 0. Let a = 4 + i. Suppose a + 3 = 3*g, -2*r + 2*g + 2 = 0. What is d(r)?
-4
Let z(i) = i**3 + 2*i + 1. Let m be z(2). Let b be (m - (-5 + 10)) + (1 - 1). Let j(p) = 4*p - 10. Give j(b).
22
Let d = 48 + -97. Let a = -46 - d. Let c(x) = 2*x**2 - 3*x - 4. Give c(a).
5
Let m = -5 - -3. Let v(q) be the third derivative of q**4/12 + 10*q**2. What is v(m)?
-4
Let t(n) = n**2 - 7*n + 3. Let y be t(7). Suppose 3*f + 11 = 5*b - 3, -y*b + 2*f = -8. Let h(p) = -p**2 + 6*p - 5. Give h(b).
3
Suppose 2*t + 2*p + 4 = 0, -20 - 3 = 4*t + p. Let y(x) be the third derivative of -x**4/12 - 3*x**3/2 + 22*x**2. Determine y(t).
5
Let z(v) = -10*v + 31*v**3 - 32*v**3 + 7 + 14*v**2 - 4*v**2. Give z(9).
-2
Let i(q) = -q**3 + 3. Let d be i(0). Let p(z) = 17*z**2 - 7*z + 4. Let r(t) = -10*t**2 + 4*t - 2. Let y(a) = -3*p(a) - 5*r(a). Calculate y(d).
-8
Suppose -84 = -6*k + 42. Let f(x) = 0*x**2 + x**2 - k*x - 25*x - 1 + 42*x. Give f(-3).
20
Let x(y) = -y**2 + 5*y - 4. Let j be x(1). Let q(m) be the third derivative of 0 + j*m + 1/12*m**4 - 4*m**2 + 1/6*m**3. What is q(3)?
7
Let i(b) = b**3 + 10*b**2 + 9*b + 2. Let l = -18 + 103. Let y = l - 94. Give i(y).
2
Let j(c) = c**3 - c**2 - 6. Suppose -4*d + 66 = -3*d. Suppose -s - 2*s + d = 0. Let f be (-4)/30 + s/165. Calculate j(f).
-6
Let a(s) = s**3 + s**2 - 3*s + 7. Let h(m) = 3*m**2 - 25*m - 48. Let l be h(10). Calculate a(l).
13
Let c(m) = 2*m**3 + 3*m**2 + 2*m + 2. Let i = 97 - 99. Determine c(i).
-6
Let r(z) = z**2 + 5*z + 3. Let u(v) = 2*v**2 + 9*v + 6. Let a(p) = -7*r(p) + 4*u(p). Let n be 3*(4/(-3) + 0). Give a(n).
15
Suppose -8*l + 195 = -3*l. Let f(a) = 2*a**2 + 4 - 29*a + 74*a - l*a - a**2. Determine f(-4).
-4
Let m be ((-120)/(-168))/(1/7). Let j(c) = -c**2 + 5*c + 10. Determine j(m).
10
Let w(n) = -4*n**3 + n**2 - n. Let u be 3 + ((-4)/3 - (-2)/(-3)). Suppose -r + 8 = r. Suppose -u = -r*t + 3. Give w(t).
-4
Suppose 90 = 4*g + g. Suppose g = -v + 15. Let h(p) = p**2 + 3*p + 4. What is h(v)?
4
Let u(y) = -9*y - 15. Let a(k) = -k - 6. Let l(d) = 2*a(d) - u(d). Determine l(5).
38
Let f = 75 + -75. Suppose j - 3 = y - f*j, 5*y - j = -27. Let l(z) = 0*z**3 + 2*z**2 + z**3 - 5*z + 3*z**2 - 1. What is l(y)?
-7
Suppose -5*i + u - 8 = 0, 4*i - 2*u =